{"id":138,"date":"2017-04-05T23:06:13","date_gmt":"2017-04-05T21:06:13","guid":{"rendered":"http:\/\/www.seasidecountry-saintmandrier.com\/www\/?page_id=138"},"modified":"2025-09-20T06:34:50","modified_gmt":"2025-09-20T04:34:50","slug":"bureau","status":"publish","type":"page","link":"http:\/\/www.seasidecountry-saintmandrier.com\/www\/bureau\/","title":{"rendered":"bureaux"},"content":{"rendered":"<div data-animation=\"no-animation\" data-icons-animation=\"rubberBand\" data-overlay=\"\" data-change-size=\"\" data-button-size=\"1\" style=\"font-size:1em!important;display:none;\" class=\"supsystic-social-sharing supsystic-social-sharing-package-flat supsystic-social-sharing-spacing supsystic-social-sharing-content supsystic-social-sharing-content-align-center\" data-text=\"\"><a data-networks=\"[]\" class=\"social-sharing-button sharer-flat sharer-flat-1 counter-standard grad without-counter facebook\" target=\"_blank\" title=\"Partager sur facebook\" href=\"http:\/\/www.facebook.com\/sharer.php?u=http%3A%2F%2Fwww.seasidecountry-saintmandrier.com%2Fwww%2Fbureau%2F\" data-main-href=\"http:\/\/www.facebook.com\/sharer.php?u={url}\" data-nid=\"1\" data-name=\"\" data-pid=\"1\" data-post-id=\"138\" data-url=\"http:\/\/www.seasidecountry-saintmandrier.com\/www\/wp-admin\/admin-ajax.php\" data-description=\"bureaux\" rel=\"nofollow\" data-mailto=\"\"><i class=\"fa-ssbs fa-ssbs-fw fa-ssbs-facebook\"><\/i><div class=\"counter-wrap standard\"><span class=\"counter\">12<\/span><\/div><\/a><\/div><h1 style=\"text-align: center;\"><strong><span style=\"color: #ff0000;\">SEASIDE COUNTRY&nbsp;&nbsp; <\/span><\/strong><\/h1>\n<h4 style=\"text-align: right;\"><strong><span style=\"color: #ff0000;\">Saint Mandrier sur mer<\/span><\/strong><\/h4>\n<h2 style=\"text-align: right;\">Bureau<\/h2>\n<ul>\n<li style=\"text-align: right;\"><strong>PR\u00c9SIDENTE&nbsp;&nbsp;&nbsp;&nbsp;&nbsp;&nbsp;&nbsp;&nbsp;&nbsp; LISE BABLOT<\/strong><\/li>\n<li style=\"text-align: right;\"><strong>TR\u00c9SORI\u00c8RE&nbsp;&nbsp;&nbsp;&nbsp;&nbsp;&nbsp;&nbsp;&nbsp;&nbsp; MARTINE BENHAMO<\/strong><\/li>\n<li style=\"text-align: right;\"><strong>SECR\u00c9TAIRE&nbsp;&nbsp;&nbsp;&nbsp;&nbsp;&nbsp;&nbsp;&nbsp; MICH\u00c8LE GIANI BOURDE<\/strong><\/li>\n<\/ul>\n<h1 style=\"text-align: center;\"><strong><img loading=\"lazy\" class=\" wp-image-7543 alignright\" src=\"http:\/\/www.seasidecountry-saintmandrier.com\/www\/wp-content\/uploads\/2021\/07\/299_1517144660861.jpeg\" alt=\"\" width=\"480\" height=\"489\" srcset=\"http:\/\/www.seasidecountry-saintmandrier.com\/www\/wp-content\/uploads\/2021\/07\/299_1517144660861.jpeg 434w, http:\/\/www.seasidecountry-saintmandrier.com\/www\/wp-content\/uploads\/2021\/07\/299_1517144660861-295x300.jpeg 295w\" sizes=\"(max-width: 480px) 100vw, 480px\" \/><\/strong><\/h1>\n<p>&nbsp;<\/p>\n<p>&nbsp;<\/p>\n<p>&nbsp;<\/p>\n<p>&nbsp;<\/p>\n<p>&nbsp;<\/p>\n<p>&nbsp;<\/p>\n<p>&nbsp;<\/p>\n<p>&nbsp;<\/p>\n<p>&nbsp;<\/p>\n<p>&nbsp;<\/p>\n<p>&nbsp;<\/p>\n<p style=\"text-align: center;\"><strong>&nbsp;<\/strong><\/p>\n<p>&nbsp;<\/p>\n<h1>&nbsp;<\/h1>\n<h1 style=\"text-align: center;\"><span style=\"color: #ff0000;\">&nbsp;SEASIDE&nbsp; CLUB COUNTRY<\/span><\/h1>\n<h1 style=\"text-align: center;\"><span style=\"color: #ff0000;\">La Seyne sur mer<\/span><\/h1>\n<p style=\"text-align: right;\"><strong>LE BUREAU<\/strong><\/p>\n<ul>\n<li style=\"text-align: right;\"><strong>PR\u00c9SIDENT&nbsp;&nbsp;&nbsp;&nbsp;&nbsp;&nbsp; JEAN PIERRE BABLOT<\/strong><\/li>\n<\/ul>\n<p>&nbsp;<\/p>\n<p><img loading=\"lazy\" class=\"aligncenter wp-image-7660\" src=\"http:\/\/www.seasidecountry-saintmandrier.com\/www\/wp-content\/uploads\/2021\/07\/SAM_0491-scaled.jpg\" alt=\"\" width=\"307\" height=\"231\" srcset=\"http:\/\/www.seasidecountry-saintmandrier.com\/www\/wp-content\/uploads\/2021\/07\/SAM_0491-scaled.jpg 2560w, http:\/\/www.seasidecountry-saintmandrier.com\/www\/wp-content\/uploads\/2021\/07\/SAM_0491-300x225.jpg 300w, http:\/\/www.seasidecountry-saintmandrier.com\/www\/wp-content\/uploads\/2021\/07\/SAM_0491-1024x768.jpg 1024w, http:\/\/www.seasidecountry-saintmandrier.com\/www\/wp-content\/uploads\/2021\/07\/SAM_0491-768x576.jpg 768w, http:\/\/www.seasidecountry-saintmandrier.com\/www\/wp-content\/uploads\/2021\/07\/SAM_0491-1536x1152.jpg 1536w, http:\/\/www.seasidecountry-saintmandrier.com\/www\/wp-content\/uploads\/2021\/07\/SAM_0491-2048x1536.jpg 2048w\" sizes=\"(max-width: 307px) 100vw, 307px\" \/><\/p>\n<ul>\n<li>&nbsp;<\/li>\n<li style=\"text-align: right;\"><strong>TRESORIERE&nbsp;&nbsp;&nbsp; ALINE RACINE<\/strong><\/li>\n<\/ul>\n<p><img loading=\"lazy\" class=\"aligncenter wp-image-7653\" src=\"http:\/\/www.seasidecountry-saintmandrier.com\/www\/wp-content\/uploads\/2021\/07\/DSC00030-scaled.jpg\" alt=\"\" width=\"230\" height=\"273\" srcset=\"http:\/\/www.seasidecountry-saintmandrier.com\/www\/wp-content\/uploads\/2021\/07\/DSC00030-scaled.jpg 2152w, http:\/\/www.seasidecountry-saintmandrier.com\/www\/wp-content\/uploads\/2021\/07\/DSC00030-252x300.jpg 252w, http:\/\/www.seasidecountry-saintmandrier.com\/www\/wp-content\/uploads\/2021\/07\/DSC00030-861x1024.jpg 861w, http:\/\/www.seasidecountry-saintmandrier.com\/www\/wp-content\/uploads\/2021\/07\/DSC00030-768x913.jpg 768w, http:\/\/www.seasidecountry-saintmandrier.com\/www\/wp-content\/uploads\/2021\/07\/DSC00030-1291x1536.jpg 1291w, http:\/\/www.seasidecountry-saintmandrier.com\/www\/wp-content\/uploads\/2021\/07\/DSC00030-1722x2048.jpg 1722w\" sizes=\"(max-width: 230px) 100vw, 230px\" \/><\/p>\n<ul>\n<li>&nbsp;<\/li>\n<li style=\"text-align: right;\"><strong>SECR\u00c9TAIRE&nbsp;&nbsp;&nbsp; DENISE BOBAN<\/strong><\/li>\n<\/ul>\n<p><img loading=\"lazy\" class=\" wp-image-7652\" src=\"http:\/\/www.seasidecountry-saintmandrier.com\/www\/wp-content\/uploads\/2021\/07\/IMG_20200725_200429_1-1.jpg\" alt=\"\" width=\"142\" height=\"322\" srcset=\"http:\/\/www.seasidecountry-saintmandrier.com\/www\/wp-content\/uploads\/2021\/07\/IMG_20200725_200429_1-1.jpg 981w, http:\/\/www.seasidecountry-saintmandrier.com\/www\/wp-content\/uploads\/2021\/07\/IMG_20200725_200429_1-1-132x300.jpg 132w, http:\/\/www.seasidecountry-saintmandrier.com\/www\/wp-content\/uploads\/2021\/07\/IMG_20200725_200429_1-1-450x1024.jpg 450w, http:\/\/www.seasidecountry-saintmandrier.com\/www\/wp-content\/uploads\/2021\/07\/IMG_20200725_200429_1-1-768x1748.jpg 768w, http:\/\/www.seasidecountry-saintmandrier.com\/www\/wp-content\/uploads\/2021\/07\/IMG_20200725_200429_1-1-675x1536.jpg 675w, http:\/\/www.seasidecountry-saintmandrier.com\/www\/wp-content\/uploads\/2021\/07\/IMG_20200725_200429_1-1-900x2048.jpg 900w\" sizes=\"(max-width: 142px) 100vw, 142px\" \/><\/p>\n<p>&nbsp;<\/p>\n<div data-animation=\"no-animation\" data-icons-animation=\"rubberBand\" data-overlay=\"\" data-change-size=\"\" data-button-size=\"1\" style=\"font-size:1em!important;display:none;\" class=\"supsystic-social-sharing supsystic-social-sharing-package-flat supsystic-social-sharing-spacing supsystic-social-sharing-content supsystic-social-sharing-content-align-center\" data-text=\"\"><a data-networks=\"[]\" class=\"social-sharing-button sharer-flat sharer-flat-1 counter-standard grad without-counter facebook\" target=\"_blank\" title=\"Partager sur facebook\" href=\"http:\/\/www.facebook.com\/sharer.php?u=http%3A%2F%2Fwww.seasidecountry-saintmandrier.com%2Fwww%2Fbureau%2F\" data-main-href=\"http:\/\/www.facebook.com\/sharer.php?u={url}\" data-nid=\"1\" data-name=\"\" data-pid=\"1\" data-post-id=\"138\" data-url=\"http:\/\/www.seasidecountry-saintmandrier.com\/www\/wp-admin\/admin-ajax.php\" data-description=\"bureaux\" rel=\"nofollow\" data-mailto=\"\"><i class=\"fa-ssbs fa-ssbs-fw fa-ssbs-facebook\"><\/i><div class=\"counter-wrap standard\"><span class=\"counter\">12<\/span><\/div><\/a><\/div>","protected":false},"excerpt":{"rendered":"<div data-animation=\"no-animation\" data-icons-animation=\"rubberBand\" data-overlay=\"\" data-change-size=\"\" data-button-size=\"1\" style=\"font-size:1em!important;display:none;\" class=\"supsystic-social-sharing supsystic-social-sharing-package-flat supsystic-social-sharing-spacing supsystic-social-sharing-content supsystic-social-sharing-content-align-center\" data-text=\"\"><a data-networks=\"[]\" class=\"social-sharing-button sharer-flat sharer-flat-1 counter-standard grad without-counter facebook\" target=\"_blank\" title=\"Partager sur facebook\" href=\"http:\/\/www.facebook.com\/sharer.php?u=http%3A%2F%2Fwww.seasidecountry-saintmandrier.com%2Fwww%2Fbureau%2F\" data-main-href=\"http:\/\/www.facebook.com\/sharer.php?u={url}\" data-nid=\"1\" data-name=\"\" data-pid=\"1\" data-post-id=\"138\" data-url=\"http:\/\/www.seasidecountry-saintmandrier.com\/www\/wp-admin\/admin-ajax.php\" data-description=\"bureaux\" rel=\"nofollow\" data-mailto=\"\"><i class=\"fa-ssbs fa-ssbs-fw fa-ssbs-facebook\"><\/i><div class=\"counter-wrap standard\"><span class=\"counter\">12<\/span><\/div><\/a><\/div><p>SEASIDE COUNTRY&nbsp;&nbsp; Saint Mandrier sur mer Bureau PR\u00c9SIDENTE&nbsp;&nbsp;&nbsp;&nbsp;&nbsp;&nbsp;&nbsp;&nbsp;&nbsp; LISE BABLOT TR\u00c9SORI\u00c8RE&nbsp;&nbsp;&nbsp;&nbsp;&nbsp;&nbsp;&nbsp;&nbsp;&nbsp; MARTINE BENHAMO SECR\u00c9TAIRE&nbsp;&nbsp;&nbsp;&nbsp;&nbsp;&nbsp;&nbsp;&nbsp; MICH\u00c8LE GIANI BOURDE &nbsp; &nbsp; &nbsp; &nbsp; &nbsp; &nbsp; &nbsp; &nbsp; &nbsp; &nbsp; &nbsp; &nbsp; &nbsp; &nbsp; &nbsp;SEASIDE&nbsp; CLUB COUNTRY La Seyne sur mer LE BUREAU PR\u00c9SIDENT&nbsp;&nbsp;&nbsp;&nbsp;&nbsp;&nbsp; JEAN PIERRE BABLOT &nbsp; &nbsp; TRESORIERE&nbsp;&nbsp;&nbsp; ALINE RACINE &nbsp; SECR\u00c9TAIRE&nbsp;&nbsp;&nbsp; DENISE BOBAN &nbsp;<\/p>\n<div data-animation=\"no-animation\" data-icons-animation=\"rubberBand\" data-overlay=\"\" data-change-size=\"\" data-button-size=\"1\" style=\"font-size:1em!important;display:none;\" class=\"supsystic-social-sharing supsystic-social-sharing-package-flat supsystic-social-sharing-spacing supsystic-social-sharing-content supsystic-social-sharing-content-align-center\" data-text=\"\"><a data-networks=\"[]\" class=\"social-sharing-button sharer-flat sharer-flat-1 counter-standard grad without-counter facebook\" target=\"_blank\" title=\"Partager sur facebook\" href=\"http:\/\/www.facebook.com\/sharer.php?u=http%3A%2F%2Fwww.seasidecountry-saintmandrier.com%2Fwww%2Fbureau%2F\" data-main-href=\"http:\/\/www.facebook.com\/sharer.php?u={url}\" data-nid=\"1\" data-name=\"\" data-pid=\"1\" data-post-id=\"138\" data-url=\"http:\/\/www.seasidecountry-saintmandrier.com\/www\/wp-admin\/admin-ajax.php\" data-description=\"bureaux\" rel=\"nofollow\" data-mailto=\"\"><i class=\"fa-ssbs fa-ssbs-fw fa-ssbs-facebook\"><\/i><div class=\"counter-wrap standard\"><span class=\"counter\">12<\/span><\/div><\/a><\/div>","protected":false},"author":1,"featured_media":0,"parent":0,"menu_order":0,"comment_status":"closed","ping_status":"closed","template":"","meta":[],"_links":{"self":[{"href":"http:\/\/www.seasidecountry-saintmandrier.com\/www\/wp-json\/wp\/v2\/pages\/138"}],"collection":[{"href":"http:\/\/www.seasidecountry-saintmandrier.com\/www\/wp-json\/wp\/v2\/pages"}],"about":[{"href":"http:\/\/www.seasidecountry-saintmandrier.com\/www\/wp-json\/wp\/v2\/types\/page"}],"author":[{"embeddable":true,"href":"http:\/\/www.seasidecountry-saintmandrier.com\/www\/wp-json\/wp\/v2\/users\/1"}],"replies":[{"embeddable":true,"href":"http:\/\/www.seasidecountry-saintmandrier.com\/www\/wp-json\/wp\/v2\/comments?post=138"}],"version-history":[{"count":37,"href":"http:\/\/www.seasidecountry-saintmandrier.com\/www\/wp-json\/wp\/v2\/pages\/138\/revisions"}],"predecessor-version":[{"id":9282,"href":"http:\/\/www.seasidecountry-saintmandrier.com\/www\/wp-json\/wp\/v2\/pages\/138\/revisions\/9282"}],"wp:attachment":[{"href":"http:\/\/www.seasidecountry-saintmandrier.com\/www\/wp-json\/wp\/v2\/media?parent=138"}],"curies":[{"name":"wp","href":"https:\/\/api.w.org\/{rel}","templated":true}]}}